{"id":7205,"date":"2021-08-29T16:05:44","date_gmt":"2021-08-29T16:05:44","guid":{"rendered":"https:\/\/kijevo.hr\/?page_id=7205"},"modified":"2021-08-29T16:21:34","modified_gmt":"2021-08-29T16:21:34","slug":"udruga-pcelara-vrisak","status":"publish","type":"page","link":"https:\/\/kijevo.hr\/?page_id=7205","title":{"rendered":"Udruga p\u010delara Vrisak"},"content":{"rendered":"\t\t<div data-elementor-type=\"wp-page\" data-elementor-id=\"7205\" class=\"elementor elementor-7205\" data-elementor-post-type=\"page\">\n\t\t\t\t\t\t\t\t\t<section class=\"elementor-section elementor-top-section elementor-element elementor-element-a383470 elementor-section-boxed elementor-section-height-default elementor-section-height-default\" data-id=\"a383470\" data-element_type=\"section\">\n\t\t\t\t\t\t<div class=\"elementor-container elementor-column-gap-default\">\n\t\t\t\t\t<div class=\"elementor-column elementor-col-100 elementor-top-column elementor-element elementor-element-210823cd\" data-id=\"210823cd\" data-element_type=\"column\">\n\t\t\t<div class=\"elementor-widget-wrap elementor-element-populated\">\n\t\t\t\t\t\t\t\t<div class=\"elementor-element elementor-element-769f68d6 elementor-widget elementor-widget-text-editor\" data-id=\"769f68d6\" data-element_type=\"widget\" data-widget_type=\"text-editor.default\">\n\t\t\t\t<div class=\"elementor-widget-container\">\n\t\t\t\t\t\t\t<p>Udruga p\u010delara &#8220;Vrisak&#8221; Kijevo osnovana je 2011. Godine. Za Predsjednika Udruge izabran je gospodin Ante Malo\u010da (Tone) koji je odradio \u010detverogodi\u0161nji mandat uspje\u0161no. U tom periodu Udruga je brojila od 18 do 25 \u010dlanova s podru\u010dja Kijeva. Ustrojen je popis p\u010delinjaka te pa\u0161nih podru\u010dja na prostoru Op\u0107ine Kijevo. Za potrebe Udruge \u017eupanija \u0160ibensko-kninska i Op\u0107ina Kijevo pomogli su u financijskom dijelu, tj. nabavljena se p\u010delarska pomagala (parni topionik, mlin za \u0161e\u0107er, mje\u0161alica za p\u010delinje poga\u010de, vaga, aparat za vakumiranje za poga\u010de, ure\u0111aj za pravljenje satnih osnova, te plinski ure\u0111aj). Za sve gore navedene aktivnosti uz \u010dlanove Udruge najzaslu\u017eniji su bili Predsjednik Ante Malo\u010da te tajnik Mijo Gojevi\u0107 Zrni\u0107.<\/p>\t\t\t\t\t\t<\/div>\n\t\t\t\t<\/div>\n\t\t\t\t\t<\/div>\n\t\t<\/div>\n\t\t\t\t\t\t\t<\/div>\n\t\t<\/section>\n\t\t\t\t<section class=\"elementor-section elementor-top-section elementor-element elementor-element-396feda elementor-section-boxed elementor-section-height-default elementor-section-height-default\" data-id=\"396feda\" data-element_type=\"section\">\n\t\t\t\t\t\t<div class=\"elementor-container elementor-column-gap-default\">\n\t\t\t\t\t<div class=\"elementor-column elementor-col-100 elementor-top-column elementor-element elementor-element-7421f980\" data-id=\"7421f980\" data-element_type=\"column\">\n\t\t\t<div class=\"elementor-widget-wrap elementor-element-populated\">\n\t\t\t\t\t\t\t\t<div class=\"elementor-element elementor-element-0490abe elementor-widget-divider--view-line elementor-widget elementor-widget-divider\" data-id=\"0490abe\" data-element_type=\"widget\" data-widget_type=\"divider.default\">\n\t\t\t\t<div class=\"elementor-widget-container\">\n\t\t\t\t\t<div class=\"elementor-divider\">\n\t\t\t<span class=\"elementor-divider-separator\">\n\t\t\t\t\t\t<\/span>\n\t\t<\/div>\n\t\t\t\t<\/div>\n\t\t\t\t<\/div>\n\t\t\t\t\t<\/div>\n\t\t<\/div>\n\t\t\t\t\t\t\t<\/div>\n\t\t<\/section>\n\t\t\t\t<section class=\"elementor-section elementor-top-section elementor-element elementor-element-57124d10 elementor-section-boxed elementor-section-height-default elementor-section-height-default\" data-id=\"57124d10\" data-element_type=\"section\">\n\t\t\t\t\t\t<div class=\"elementor-container elementor-column-gap-default\">\n\t\t\t\t\t<div class=\"elementor-column elementor-col-50 elementor-top-column elementor-element elementor-element-5d199ea3\" data-id=\"5d199ea3\" data-element_type=\"column\">\n\t\t\t<div class=\"elementor-widget-wrap elementor-element-populated\">\n\t\t\t\t\t\t\t\t<div class=\"elementor-element elementor-element-1ea0c9f4 elementor-widget elementor-widget-heading\" data-id=\"1ea0c9f4\" data-element_type=\"widget\" data-widget_type=\"heading.default\">\n\t\t\t\t<div class=\"elementor-widget-container\">\n\t\t\t<h2 class=\"elementor-heading-title elementor-size-default\">Upravni odbor<\/h2>\t\t<\/div>\n\t\t\t\t<\/div>\n\t\t\t\t<div class=\"elementor-element elementor-element-d8eef18 elementor-widget elementor-widget-text-editor\" data-id=\"d8eef18\" data-element_type=\"widget\" data-widget_type=\"text-editor.default\">\n\t\t\t\t<div class=\"elementor-widget-container\">\n\t\t\t\t\t\t\t<p>Od 2015. Godine Udrugu zastupa kao Predsjednik &#8211; Mate Malo\u010da, tajnik &#8211; Zvonimir \u0160imunovi\u0107.<\/p><p>Upravni odbor: Ante Malo\u010da, Stipe Juri\u0107 Bare, Bo\u017eo Juri\u0107 \u0106ivro, Branko Bajan i Mate Malo\u010da.<\/p><p>Udruga broji 28 \u010dlanova s podru\u010dja Op\u0107ine Kijevo, te posjeduje oko 900 p\u010delinjih zajednica. Cilj Udruge je prvenstveno razvijanje p\u010delinjaka te gospodarenja na podru\u010dju Op\u0107ine Kijevo kojeg skoro nije bilo do 2011. Godine.<\/p>\t\t\t\t\t\t<\/div>\n\t\t\t\t<\/div>\n\t\t\t\t\t<\/div>\n\t\t<\/div>\n\t\t\t\t<div class=\"elementor-column elementor-col-50 elementor-top-column elementor-element elementor-element-30f92061\" data-id=\"30f92061\" data-element_type=\"column\">\n\t\t\t<div class=\"elementor-widget-wrap elementor-element-populated\">\n\t\t\t\t\t\t\t\t<div class=\"elementor-element elementor-element-399d12f8 elementor-widget elementor-widget-image\" data-id=\"399d12f8\" data-element_type=\"widget\" data-widget_type=\"image.default\">\n\t\t\t\t<div class=\"elementor-widget-container\">\n\t\t\t\t\t\t\t\t\t\t\t\t\t\t\t<img loading=\"lazy\" decoding=\"async\" width=\"600\" height=\"300\" src=\"https:\/\/kijevo.hr\/wp-content\/uploads\/2021\/08\/bd8567157243b8c37b3405b05626bb43.jpg\" class=\"attachment-large size-large wp-image-7189\" alt=\"\" srcset=\"https:\/\/kijevo.hr\/wp-content\/uploads\/2021\/08\/bd8567157243b8c37b3405b05626bb43.jpg 600w, https:\/\/kijevo.hr\/wp-content\/uploads\/2021\/08\/bd8567157243b8c37b3405b05626bb43-300x150.jpg 300w, https:\/\/kijevo.hr\/wp-content\/uploads\/2021\/08\/bd8567157243b8c37b3405b05626bb43-18x9.jpg 18w\" sizes=\"auto, (max-width: 600px) 100vw, 600px\" \/>\t\t\t\t\t\t\t\t\t\t\t\t\t\t\t<\/div>\n\t\t\t\t<\/div>\n\t\t\t\t\t<\/div>\n\t\t<\/div>\n\t\t\t\t\t\t\t<\/div>\n\t\t<\/section>\n\t\t\t\t<section class=\"elementor-section elementor-top-section elementor-element elementor-element-587b7620 elementor-section-boxed elementor-section-height-default elementor-section-height-default\" data-id=\"587b7620\" data-element_type=\"section\">\n\t\t\t\t\t\t<div class=\"elementor-container elementor-column-gap-default\">\n\t\t\t\t\t<div class=\"elementor-column elementor-col-50 elementor-top-column elementor-element elementor-element-7d684973\" data-id=\"7d684973\" data-element_type=\"column\">\n\t\t\t<div class=\"elementor-widget-wrap elementor-element-populated\">\n\t\t\t\t\t\t\t\t<div class=\"elementor-element elementor-element-491c4849 elementor-widget elementor-widget-heading\" data-id=\"491c4849\" data-element_type=\"widget\" data-widget_type=\"heading.default\">\n\t\t\t\t<div class=\"elementor-widget-container\">\n\t\t\t<h2 class=\"elementor-heading-title elementor-size-default\">Predsjednik<\/h2>\t\t<\/div>\n\t\t\t\t<\/div>\n\t\t\t\t<div class=\"elementor-element elementor-element-347abeb0 elementor-widget-divider--view-line elementor-widget elementor-widget-divider\" data-id=\"347abeb0\" data-element_type=\"widget\" data-widget_type=\"divider.default\">\n\t\t\t\t<div class=\"elementor-widget-container\">\n\t\t\t\t\t<div class=\"elementor-divider\">\n\t\t\t<span class=\"elementor-divider-separator\">\n\t\t\t\t\t\t<\/span>\n\t\t<\/div>\n\t\t\t\t<\/div>\n\t\t\t\t<\/div>\n\t\t\t\t<div class=\"elementor-element elementor-element-1b607f6 elementor-widget elementor-widget-text-editor\" data-id=\"1b607f6\" data-element_type=\"widget\" data-widget_type=\"text-editor.default\">\n\t\t\t\t<div class=\"elementor-widget-container\">\n\t\t\t\t\t\t\t<p>Mate Malo\u010da<br \/>M: +385 91 5260205<\/p>\t\t\t\t\t\t<\/div>\n\t\t\t\t<\/div>\n\t\t\t\t\t<\/div>\n\t\t<\/div>\n\t\t\t\t<div class=\"elementor-column elementor-col-50 elementor-top-column elementor-element elementor-element-29a2b4dc\" data-id=\"29a2b4dc\" data-element_type=\"column\">\n\t\t\t<div class=\"elementor-widget-wrap elementor-element-populated\">\n\t\t\t\t\t\t\t\t<div class=\"elementor-element elementor-element-5e2df77a elementor-widget elementor-widget-heading\" data-id=\"5e2df77a\" data-element_type=\"widget\" data-widget_type=\"heading.default\">\n\t\t\t\t<div class=\"elementor-widget-container\">\n\t\t\t<h2 class=\"elementor-heading-title elementor-size-default\">Osnovno<\/h2>\t\t<\/div>\n\t\t\t\t<\/div>\n\t\t\t\t<div class=\"elementor-element elementor-element-70ec5577 elementor-widget-divider--view-line elementor-widget elementor-widget-divider\" data-id=\"70ec5577\" data-element_type=\"widget\" data-widget_type=\"divider.default\">\n\t\t\t\t<div class=\"elementor-widget-container\">\n\t\t\t\t\t<div class=\"elementor-divider\">\n\t\t\t<span class=\"elementor-divider-separator\">\n\t\t\t\t\t\t<\/span>\n\t\t<\/div>\n\t\t\t\t<\/div>\n\t\t\t\t<\/div>\n\t\t\t\t<div class=\"elementor-element elementor-element-ca78d42 elementor-widget elementor-widget-text-editor\" data-id=\"ca78d42\" data-element_type=\"widget\" data-widget_type=\"text-editor.default\">\n\t\t\t\t<div class=\"elementor-widget-container\">\n\t\t\t\t\t\t\t<p>OIB: 84566997310<br \/>MB: 02780747<br \/>IBAN: HR9023300031151718853<\/p>\t\t\t\t\t\t<\/div>\n\t\t\t\t<\/div>\n\t\t\t\t\t<\/div>\n\t\t<\/div>\n\t\t\t\t\t\t\t<\/div>\n\t\t<\/section>\n\t\t\t\t\t\t\t<\/div>\n\t\t","protected":false},"excerpt":{"rendered":"<p>Udruga p\u010delara &#8220;Vrisak&#8221; Kijevo osnovana je 2011. Godine. Za Predsjednika Udruge izabran je gospodin Ante Malo\u010da (Tone) koji je odradio \u010detverogodi\u0161nji mandat uspje\u0161no. U tom periodu Udruga je brojila od 18 do 25 \u010dlanova s podru\u010dja Kijeva. Ustrojen je popis p\u010delinjaka te pa\u0161nih podru\u010dja na prostoru Op\u0107ine Kijevo. Za potrebe Udruge \u017eupanija \u0160ibensko-kninska i Op\u0107ina &hellip;<\/p>\n","protected":false},"author":1,"featured_media":0,"parent":7179,"menu_order":0,"comment_status":"closed","ping_status":"closed","template":"","meta":{"pgc_sgb_lightbox_settings":"","footnotes":""},"class_list":["post-7205","page","type-page","status-publish","hentry"],"aioseo_notices":[],"_links":{"self":[{"href":"https:\/\/kijevo.hr\/index.php?rest_route=\/wp\/v2\/pages\/7205","targetHints":{"allow":["GET"]}}],"collection":[{"href":"https:\/\/kijevo.hr\/index.php?rest_route=\/wp\/v2\/pages"}],"about":[{"href":"https:\/\/kijevo.hr\/index.php?rest_route=\/wp\/v2\/types\/page"}],"author":[{"embeddable":true,"href":"https:\/\/kijevo.hr\/index.php?rest_route=\/wp\/v2\/users\/1"}],"replies":[{"embeddable":true,"href":"https:\/\/kijevo.hr\/index.php?rest_route=%2Fwp%2Fv2%2Fcomments&post=7205"}],"version-history":[{"count":13,"href":"https:\/\/kijevo.hr\/index.php?rest_route=\/wp\/v2\/pages\/7205\/revisions"}],"predecessor-version":[{"id":7235,"href":"https:\/\/kijevo.hr\/index.php?rest_route=\/wp\/v2\/pages\/7205\/revisions\/7235"}],"up":[{"embeddable":true,"href":"https:\/\/kijevo.hr\/index.php?rest_route=\/wp\/v2\/pages\/7179"}],"wp:attachment":[{"href":"https:\/\/kijevo.hr\/index.php?rest_route=%2Fwp%2Fv2%2Fmedia&parent=7205"}],"curies":[{"name":"wp","href":"https:\/\/api.w.org\/{rel}","templated":true}]}}

Udruga pčelara Vrisak

<div data-elementor-type="wp-page" data-elementor-id="7205" class="elementor elementor-7205" data-elementor-post-type="page">
									<section class="elementor-section elementor-top-section elementor-element elementor-element-a383470 elementor-section-boxed elementor-section-height-default elementor-section-height-default" data-id="a383470" data-element_type="section">
						<div class="elementor-container elementor-column-gap-default">
					<div class="elementor-column elementor-col-100 elementor-top-column elementor-element elementor-element-210823cd" data-id="210823cd" data-element_type="column">
			<div class="elementor-widget-wrap elementor-element-populated">
								<div class="elementor-element elementor-element-769f68d6 elementor-widget elementor-widget-text-editor" data-id="769f68d6" data-element_type="widget" data-widget_type="text-editor.default">
				<div class="elementor-widget-container">
							<p>Udruga pčelara &#8220;Vrisak&#8221; Kijevo osnovana je 2011. Godine. Za Predsjednika Udruge izabran je gospodin Ante Maloča (Tone) koji je odradio četverogodišnji mandat uspješno. U tom periodu Udruga je brojila od 18 do 25 članova s područja Kijeva. Ustrojen je popis pčelinjaka te pašnih područja na prostoru Općine Kijevo. Za potrebe Udruge županija Šibensko-kninska i Općina Kijevo pomogli su u financijskom dijelu, tj. nabavljena se pčelarska pomagala (parni topionik, mlin za šećer, mješalica za pčelinje pogače, vaga, aparat za vakumiranje za pogače, uređaj za pravljenje satnih osnova, te plinski uređaj). Za sve gore navedene aktivnosti uz članove Udruge najzaslužniji su bili Predsjednik Ante Maloča te tajnik Mijo Gojević Zrnić.</p>						</div>
				</div>
					</div>
		</div>
							</div>
		</section>
				<section class="elementor-section elementor-top-section elementor-element elementor-element-396feda elementor-section-boxed elementor-section-height-default elementor-section-height-default" data-id="396feda" data-element_type="section">
						<div class="elementor-container elementor-column-gap-default">
					<div class="elementor-column elementor-col-100 elementor-top-column elementor-element elementor-element-7421f980" data-id="7421f980" data-element_type="column">
			<div class="elementor-widget-wrap elementor-element-populated">
								<div class="elementor-element elementor-element-0490abe elementor-widget-divider--view-line elementor-widget elementor-widget-divider" data-id="0490abe" data-element_type="widget" data-widget_type="divider.default">
				<div class="elementor-widget-container">
					<div class="elementor-divider">
			<span class="elementor-divider-separator">
						</span>
		</div>
				</div>
				</div>
					</div>
		</div>
							</div>
		</section>
				<section class="elementor-section elementor-top-section elementor-element elementor-element-57124d10 elementor-section-boxed elementor-section-height-default elementor-section-height-default" data-id="57124d10" data-element_type="section">
						<div class="elementor-container elementor-column-gap-default">
					<div class="elementor-column elementor-col-50 elementor-top-column elementor-element elementor-element-5d199ea3" data-id="5d199ea3" data-element_type="column">
			<div class="elementor-widget-wrap elementor-element-populated">
								<div class="elementor-element elementor-element-1ea0c9f4 elementor-widget elementor-widget-heading" data-id="1ea0c9f4" data-element_type="widget" data-widget_type="heading.default">
				<div class="elementor-widget-container">
			<h2 class="elementor-heading-title elementor-size-default">Upravni odbor</h2>		</div>
				</div>
				<div class="elementor-element elementor-element-d8eef18 elementor-widget elementor-widget-text-editor" data-id="d8eef18" data-element_type="widget" data-widget_type="text-editor.default">
				<div class="elementor-widget-container">
							<p>Od 2015. Godine Udrugu zastupa kao Predsjednik &#8211; Mate Maloča, tajnik &#8211; Zvonimir Šimunović.</p><p>Upravni odbor: Ante Maloča, Stipe Jurić Bare, Božo Jurić Ćivro, Branko Bajan i Mate Maloča.</p><p>Udruga broji 28 članova s područja Općine Kijevo, te posjeduje oko 900 pčelinjih zajednica. Cilj Udruge je prvenstveno razvijanje pčelinjaka te gospodarenja na području Općine Kijevo kojeg skoro nije bilo do 2011. Godine.</p>						</div>
				</div>
					</div>
		</div>
				<div class="elementor-column elementor-col-50 elementor-top-column elementor-element elementor-element-30f92061" data-id="30f92061" data-element_type="column">
			<div class="elementor-widget-wrap elementor-element-populated">
								<div class="elementor-element elementor-element-399d12f8 elementor-widget elementor-widget-image" data-id="399d12f8" data-element_type="widget" data-widget_type="image.default">
				<div class="elementor-widget-container">
															<img loading="lazy" decoding="async" width="600" height="300" src="https://kijevo.hr/wp-content/uploads/2021/08/bd8567157243b8c37b3405b05626bb43.jpg" class="attachment-large size-large wp-image-7189" alt="" srcset="https://kijevo.hr/wp-content/uploads/2021/08/bd8567157243b8c37b3405b05626bb43.jpg 600w, https://kijevo.hr/wp-content/uploads/2021/08/bd8567157243b8c37b3405b05626bb43-300x150.jpg 300w, https://kijevo.hr/wp-content/uploads/2021/08/bd8567157243b8c37b3405b05626bb43-18x9.jpg 18w" sizes="auto, (max-width: 600px) 100vw, 600px" />															</div>
				</div>
					</div>
		</div>
							</div>
		</section>
				<section class="elementor-section elementor-top-section elementor-element elementor-element-587b7620 elementor-section-boxed elementor-section-height-default elementor-section-height-default" data-id="587b7620" data-element_type="section">
						<div class="elementor-container elementor-column-gap-default">
					<div class="elementor-column elementor-col-50 elementor-top-column elementor-element elementor-element-7d684973" data-id="7d684973" data-element_type="column">
			<div class="elementor-widget-wrap elementor-element-populated">
								<div class="elementor-element elementor-element-491c4849 elementor-widget elementor-widget-heading" data-id="491c4849" data-element_type="widget" data-widget_type="heading.default">
				<div class="elementor-widget-container">
			<h2 class="elementor-heading-title elementor-size-default">Predsjednik</h2>		</div>
				</div>
				<div class="elementor-element elementor-element-347abeb0 elementor-widget-divider--view-line elementor-widget elementor-widget-divider" data-id="347abeb0" data-element_type="widget" data-widget_type="divider.default">
				<div class="elementor-widget-container">
					<div class="elementor-divider">
			<span class="elementor-divider-separator">
						</span>
		</div>
				</div>
				</div>
				<div class="elementor-element elementor-element-1b607f6 elementor-widget elementor-widget-text-editor" data-id="1b607f6" data-element_type="widget" data-widget_type="text-editor.default">
				<div class="elementor-widget-container">
							<p>Mate Maloča<br />M: +385 91 5260205</p>						</div>
				</div>
					</div>
		</div>
				<div class="elementor-column elementor-col-50 elementor-top-column elementor-element elementor-element-29a2b4dc" data-id="29a2b4dc" data-element_type="column">
			<div class="elementor-widget-wrap elementor-element-populated">
								<div class="elementor-element elementor-element-5e2df77a elementor-widget elementor-widget-heading" data-id="5e2df77a" data-element_type="widget" data-widget_type="heading.default">
				<div class="elementor-widget-container">
			<h2 class="elementor-heading-title elementor-size-default">Osnovno</h2>		</div>
				</div>
				<div class="elementor-element elementor-element-70ec5577 elementor-widget-divider--view-line elementor-widget elementor-widget-divider" data-id="70ec5577" data-element_type="widget" data-widget_type="divider.default">
				<div class="elementor-widget-container">
					<div class="elementor-divider">
			<span class="elementor-divider-separator">
						</span>
		</div>
				</div>
				</div>
				<div class="elementor-element elementor-element-ca78d42 elementor-widget elementor-widget-text-editor" data-id="ca78d42" data-element_type="widget" data-widget_type="text-editor.default">
				<div class="elementor-widget-container">
							<p>OIB: 84566997310<br />MB: 02780747<br />IBAN: HR9023300031151718853</p>						</div>
				</div>
					</div>
		</div>
							</div>
		</section>
							</div>

<p>Udruga pčelara &#8220;Vrisak&#8221; Kijevo osnovana je 2011. Godine. Za Predsjednika Udruge izabran je gospodin Ante Maloča (Tone) koji je odradio četverogodišnji mandat uspješno. U tom periodu Udruga je brojila od 18 do 25 članova s područja Kijeva. Ustrojen je popis pčelinjaka te pašnih područja na prostoru Općine Kijevo. Za potrebe Udruge županija Šibensko-kninska i Općina &hellip;</p>
