{"id":7572,"date":"2021-08-30T07:26:04","date_gmt":"2021-08-30T07:26:04","guid":{"rendered":"https:\/\/kijevo.hr\/?page_id=7572"},"modified":"2021-11-09T09:21:20","modified_gmt":"2021-11-09T09:21:20","slug":"etnografska-bastina","status":"publish","type":"page","link":"https:\/\/kijevo.hr\/?page_id=7572","title":{"rendered":"Etnografska ba\u0161tina"},"content":{"rendered":"\t\t<div data-elementor-type=\"wp-page\" data-elementor-id=\"7572\" class=\"elementor elementor-7572\" data-elementor-post-type=\"page\">\n\t\t\t\t\t\t\t\t\t<section class=\"elementor-section elementor-top-section elementor-element elementor-element-e5e9a92 elementor-section-boxed elementor-section-height-default elementor-section-height-default\" data-id=\"e5e9a92\" data-element_type=\"section\">\n\t\t\t\t\t\t<div class=\"elementor-container elementor-column-gap-default\">\n\t\t\t\t\t<div class=\"elementor-column elementor-col-100 elementor-top-column elementor-element elementor-element-f500ee0\" data-id=\"f500ee0\" data-element_type=\"column\">\n\t\t\t<div class=\"elementor-widget-wrap elementor-element-populated\">\n\t\t\t\t\t\t\t\t<div class=\"elementor-element elementor-element-ca88369 elementor-cta--layout-image-left elementor-cta--skin-classic elementor-animated-content elementor-bg-transform elementor-bg-transform-zoom-in elementor-widget elementor-widget-call-to-action\" data-id=\"ca88369\" data-element_type=\"widget\" data-widget_type=\"call-to-action.default\">\n\t\t\t\t<div class=\"elementor-widget-container\">\n\t\t\t\t\t<div class=\"elementor-cta\">\n\t\t\t\t\t\t\t<div class=\"elementor-cta__content\">\n\t\t\t\t\t\t\t\t\t<div class=\"elementor-content-item elementor-cta__content-item elementor-icon-wrapper elementor-cta__icon elementor-view-default\">\n\t\t\t\t\t\t<div class=\"elementor-icon\">\n\t\t\t\t\t\t\t<i aria-hidden=\"true\" class=\"fas fa-archway\"><\/i>\t\t\t\t\t\t<\/div>\n\t\t\t\t\t<\/div>\n\t\t\t\t\n\t\t\t\t\t\t\t\t\t<h2 class=\"elementor-cta__title elementor-cta__content-item elementor-content-item\">\n\t\t\t\t\t\tArhitektura\t\t\t\t\t<\/h2>\n\t\t\t\t\n\t\t\t\t\t\t\t\t\t<div class=\"elementor-cta__description elementor-cta__content-item elementor-content-item\">\n\t\t\t\t\t\tU daljnjoj pro\u0161losti ku\u0107e u Kijevu, kao i drugdje, bile su vrlo skromne. Gra\u0111ene su kao prizemnice, zidane suhozidom, a tek u novije vrijeme kamen se povezivao klakom i zemljom crvenicom. Krajem XIX. st. zapo\u010delo se s izgradnjom ku\u0107a na kat te su se ku\u0107e po\u010dele pokrivati crijepom.\n\nIako se \u010desto ponavlja jedan osnovni oblik ku\u0107e, u selu su bile ostvarene raznolike prostorne forme i gra\u0111evne strukture koje podsje\u0107aju na arhitekturu mediteranskog, odnosno primorskog sela, a tipi\u010dan su primjer arhitekture Dalmatinske Zagore. Prisutne su zbijene, kompaktne skupine ku\u0107a, gra\u0111ene jedna uz drugu sa zajedni\u010dkim zidovima. Svaki niz, uglavnom, pripada jednoj srodni\u010dkoj skupini, \u0161to je omogu\u0107avalo ekonomi\u010dnije kori\u0161tenje raspolo\u017eivog zemlji\u0161ta.\n\nKu\u0107e su gra\u0111ene od tesanog kamena, a krovna i me\u0111ukrovna konstrukcija od drveta. Krovovi su kosi \"na dvije vode\". U prizemlju je ostava s ognji\u0161tem ili prostor za stoku, a na katu prostorije za spavanje. Vanjske stube, terase i dvori\u0161ni zidovi u kompozicijskom smislu imaju karakter \"dodatnih elemenata\". Dvori\u0161ta se nalaze ispred ku\u0107a i obzidana su suhozidom, a u dvori\u0161tima su \u010datrnje.\n\nGospodarski objekti \u2013 staje, svinjci, guvna, gusterne i sl., gra\u0111eni su od kamena, a pravili su se u blizini ku\u0107a. Svi gospodarski objekti, osim gusterna, pravljeni su suhozidom, a pokrov je bio od slame. Na\u0161i preci su svoje posjede \u2013 njive i ograde obzidavali suhozidom, kako u njih ne bi mogla pristupiti stoka i napraviti \u0161tetu na usjevima. Uz to, na njivama su gra\u0111ene podzide \u2013 pristave koje su slu\u017eile kao me\u0111e i grudine, manje kamene gomile iskopane kr\u010denjem zemlji\u0161ta, radi dobivanja plodnog tla.\t\t\t\t\t<\/div>\n\t\t\t\t\n\t\t\t\t\t\t\t<\/div>\n\t\t\t\t\t\t<\/div>\n\t\t\t\t<\/div>\n\t\t\t\t<\/div>\n\t\t\t\t\t<\/div>\n\t\t<\/div>\n\t\t\t\t\t\t\t<\/div>\n\t\t<\/section>\n\t\t\t\t<section class=\"elementor-section elementor-top-section elementor-element elementor-element-059a8dd elementor-section-boxed elementor-section-height-default elementor-section-height-default\" data-id=\"059a8dd\" data-element_type=\"section\">\n\t\t\t\t\t\t<div class=\"elementor-container elementor-column-gap-default\">\n\t\t\t\t\t<div class=\"elementor-column elementor-col-100 elementor-top-column elementor-element elementor-element-7cd1e0e\" data-id=\"7cd1e0e\" data-element_type=\"column\">\n\t\t\t<div class=\"elementor-widget-wrap elementor-element-populated\">\n\t\t\t\t\t\t\t\t<div class=\"elementor-element elementor-element-0722525 elementor-cta--layout-image-above elementor-cta--skin-classic elementor-animated-content elementor-bg-transform elementor-bg-transform-zoom-in elementor-widget elementor-widget-call-to-action\" data-id=\"0722525\" data-element_type=\"widget\" data-widget_type=\"call-to-action.default\">\n\t\t\t\t<div class=\"elementor-widget-container\">\n\t\t\t\t\t<div class=\"elementor-cta\">\n\t\t\t\t\t<div class=\"elementor-cta__bg-wrapper\">\n\t\t\t\t<div class=\"elementor-cta__bg elementor-bg\" style=\"background-image: url(https:\/\/kijevo.hr\/wp-content\/uploads\/2021\/08\/lov-1024x683.jpg);\" role=\"img\" aria-label=\"lov\"><\/div>\n\t\t\t\t<div class=\"elementor-cta__bg-overlay\"><\/div>\n\t\t\t<\/div>\n\t\t\t\t\t\t\t<div class=\"elementor-cta__content\">\n\t\t\t\t\n\t\t\t\t\t\t\t\t\t<h2 class=\"elementor-cta__title elementor-cta__content-item elementor-content-item\">\n\t\t\t\t\t\tBunari\t\t\t\t\t<\/h2>\n\t\t\t\t\n\t\t\t\t\t\t\t\t\t<div class=\"elementor-cta__description elementor-cta__content-item elementor-content-item\">\n\t\t\t\t\t\tJavni bunari na podru\u010dju op\u0107ine Kijevo nalaze se na \u010detiri lokaliteta. U Kijevu su poznati kao \u010catrnja, \u0160iroki bunari, \u010catinovac i Cicvari\u0107a bunar. Bunari su okruglog oblika, ozidani klesanim kamenom, koji je u\u010dvr\u0161\u0107en malterom. Uza same bunare nalazilo se po nekoliko korita za napajanje stoke. Karakteristi\u010dno za sve ove bunare je da su svi oni izvori \u017eive vode koji su sprije\u010davali otjecanje vode, tj. njeno uskladi\u0161tavanje za su\u0161nija razdoblja.\t\t\t\t\t<\/div>\n\t\t\t\t\n\t\t\t\t\t\t\t<\/div>\n\t\t\t\t\t\t<\/div>\n\t\t\t\t<\/div>\n\t\t\t\t<\/div>\n\t\t\t\t<div class=\"elementor-element elementor-element-dcfae2c elementor-cta--layout-image-above elementor-cta--skin-classic elementor-animated-content elementor-bg-transform elementor-bg-transform-zoom-in elementor-widget elementor-widget-call-to-action\" data-id=\"dcfae2c\" data-element_type=\"widget\" data-widget_type=\"call-to-action.default\">\n\t\t\t\t<div class=\"elementor-widget-container\">\n\t\t\t\t\t<div class=\"elementor-cta\">\n\t\t\t\t\t<div class=\"elementor-cta__bg-wrapper\">\n\t\t\t\t<div class=\"elementor-cta__bg elementor-bg\" style=\"background-image: url(https:\/\/kijevo.hr\/wp-content\/uploads\/2021\/08\/ribolov-1024x683.jpg);\" role=\"img\" aria-label=\"ribolov\"><\/div>\n\t\t\t\t<div class=\"elementor-cta__bg-overlay\"><\/div>\n\t\t\t<\/div>\n\t\t\t\t\t\t\t<div class=\"elementor-cta__content\">\n\t\t\t\t\n\t\t\t\t\t\t\t\t\t<h2 class=\"elementor-cta__title elementor-cta__content-item elementor-content-item\">\n\t\t\t\t\t\t\u010cesme\t\t\t\t\t<\/h2>\n\t\t\t\t\n\t\t\t\t\t\t\t\t\t<div class=\"elementor-cta__description elementor-cta__content-item elementor-content-item\">\n\t\t\t\t\t\tNa podru\u010dju op\u0107ine Kijevo postoje tri javne \u010desme: \u010desma Muni\u0107 neposredno na izvoru Muni\u0107, te dvije \u010desme kod \u0161kole i kapelice, gdje se voda dovodi iz velike udaljenosti, tj. s izvora Inju\u0161 i s izvora Korita pod samim Kozjakom. Voda se skladi\u0161ti u rezervoarima, neposredno uz same \u010desme.\n\t\t\t\t\t<\/div>\n\t\t\t\t\n\t\t\t\t\t\t\t<\/div>\n\t\t\t\t\t\t<\/div>\n\t\t\t\t<\/div>\n\t\t\t\t<\/div>\n\t\t\t\t<div class=\"elementor-element elementor-element-13e1efd elementor-cta--layout-image-above elementor-cta--skin-classic elementor-animated-content elementor-bg-transform elementor-bg-transform-zoom-in elementor-widget elementor-widget-call-to-action\" data-id=\"13e1efd\" data-element_type=\"widget\" data-widget_type=\"call-to-action.default\">\n\t\t\t\t<div class=\"elementor-widget-container\">\n\t\t\t\t\t<div class=\"elementor-cta\">\n\t\t\t\t\t<div class=\"elementor-cta__bg-wrapper\">\n\t\t\t\t<div class=\"elementor-cta__bg elementor-bg\" style=\"background-image: url(https:\/\/kijevo.hr\/wp-content\/uploads\/2021\/08\/trekking-1024x683.jpg);\" role=\"img\" aria-label=\"trekking\"><\/div>\n\t\t\t\t<div class=\"elementor-cta__bg-overlay\"><\/div>\n\t\t\t<\/div>\n\t\t\t\t\t\t\t<div class=\"elementor-cta__content\">\n\t\t\t\t\n\t\t\t\t\t\t\t\t\t<h2 class=\"elementor-cta__title elementor-cta__content-item elementor-content-item\">\n\t\t\t\t\t\tKijevska narodna no\u0161nja\t\t\t\t\t<\/h2>\n\t\t\t\t\n\t\t\t\t\t\t\t\t\t<div class=\"elementor-cta__description elementor-cta__content-item elementor-content-item\">\n\t\t\t\t\t\tKijevska no\u0161nja krije u sebi tragove povijesnih doga\u0111aja koji su ostavili trajan pe\u010dat u njenom oblikovanju, te je iskaz vje\u0161tine, likovnog shva\u0107anja i stvarala\u010dkog dosega na\u0161ih ljudi koji su kroz izrazili svoje umije\u0107e i te\u017enju za ljepotom i savr\u0161enstvom.\t\t\t\t\t<\/div>\n\t\t\t\t\n\t\t\t\t\t\t\t<\/div>\n\t\t\t\t\t\t<\/div>\n\t\t\t\t<\/div>\n\t\t\t\t<\/div>\n\t\t\t\t<div class=\"elementor-element elementor-element-dd24336 elementor-cta--layout-image-above elementor-cta--skin-classic elementor-animated-content elementor-bg-transform elementor-bg-transform-zoom-in elementor-widget elementor-widget-call-to-action\" data-id=\"dd24336\" data-element_type=\"widget\" data-widget_type=\"call-to-action.default\">\n\t\t\t\t<div class=\"elementor-widget-container\">\n\t\t\t\t\t<div class=\"elementor-cta\">\n\t\t\t\t\t<div class=\"elementor-cta__bg-wrapper\">\n\t\t\t\t<div class=\"elementor-cta__bg elementor-bg\" style=\"background-image: url(https:\/\/kijevo.hr\/wp-content\/uploads\/2021\/08\/free_cl-1024x683.jpg);\" role=\"img\" aria-label=\"free_cl\"><\/div>\n\t\t\t\t<div class=\"elementor-cta__bg-overlay\"><\/div>\n\t\t\t<\/div>\n\t\t\t\t\t\t\t<div class=\"elementor-cta__content\">\n\t\t\t\t\n\t\t\t\t\t\t\t\t\t<h2 class=\"elementor-cta__title elementor-cta__content-item elementor-content-item\">\n\t\t\t\t\t\tNarodne pjesme\t\t\t\t\t<\/h2>\n\t\t\t\t\n\t\t\t\t\t\t\t\t\t<div class=\"elementor-cta__description elementor-cta__content-item elementor-content-item\">\n\t\t\t\t\t\t<i>\"U mog dragog dobro stanje:\/ jedna ovca, jedno janje!\nJanje bilo, crna ovca\/ za talagan bit \u0107e konca!\"<br><br>\n\n\"Oj, Dinaro,\/ pod tebom je dola\ni Kijev \/ - tu je moja lola!\"<br><br>\n\n\"Pivaj, seko,\/ pivaj, mila,\/\/ sutra \u0107emo\/ na vr' Bila.\/\/\n\u010cuvat \u0107emo\/ na\u0161e blago\/\/ i gledati\/ mom\u010de drago.\"\n\t\t\t\t\t<\/div>\n\t\t\t\t\n\t\t\t\t\t\t\t<\/div>\n\t\t\t\t\t\t<\/div>\n\t\t\t\t<\/div>\n\t\t\t\t<\/div>\n\t\t\t\t<div class=\"elementor-element elementor-element-833c262 elementor-cta--layout-image-above elementor-cta--skin-classic elementor-animated-content elementor-bg-transform elementor-bg-transform-zoom-in elementor-widget elementor-widget-call-to-action\" data-id=\"833c262\" data-element_type=\"widget\" data-widget_type=\"call-to-action.default\">\n\t\t\t\t<div class=\"elementor-widget-container\">\n\t\t\t\t\t<div class=\"elementor-cta\">\n\t\t\t\t\t<div class=\"elementor-cta__bg-wrapper\">\n\t\t\t\t<div class=\"elementor-cta__bg elementor-bg\" style=\"background-image: url(https:\/\/kijevo.hr\/wp-content\/uploads\/2021\/08\/znacajke-1024x792.jpg);\" role=\"img\" aria-label=\"znacajke\"><\/div>\n\t\t\t\t<div class=\"elementor-cta__bg-overlay\"><\/div>\n\t\t\t<\/div>\n\t\t\t\t\t\t\t<div class=\"elementor-cta__content\">\n\t\t\t\t\n\t\t\t\t\t\t\t\t\t<h2 class=\"elementor-cta__title elementor-cta__content-item elementor-content-item\">\n\t\t\t\t\t\tZagonetke\t\t\t\t\t<\/h2>\n\t\t\t\t\n\t\t\t\t\t\t\t\t\t<div class=\"elementor-cta__description elementor-cta__content-item elementor-content-item\">\n\t\t\t\t\t\t<i>>\"Na vodu jalova, s vode stejana\" (vu\u010dija)<br><br>\n\n\"Na srid ba\u010dve tapun\" (pupak)<br><br>\n\n\"Na srid polja lonac vrije, a pod njim vatra nije\" (mravinjak)<br><br>\n\n\"Na\u0161 \u0161aronja tvoju mater pritiska\" (sukanac)<br><br>\n\n\"Crveno maleno curi zabodeno (re\u0107ina)<br><br>\n\n\"Ja baci \u0161tap pod oblak: u'vati se kolo divojaka\" (orasi)<br><br>\n\n\"Ja natovari' i utra' konja: cili konj u\u0111e samo mu rep osta vanka\" (\u017elica)<br><br>\n\n\n\"O gredi visi, o zlu misli\" (pu\u0161ka)<br><br>\n\n\"\u0160ta dalje putuje, to je kra\u0107a\" (igla i konac)<br><br>\n\n\"Golo u\u0111e u runjavo\" (ruka i rukavica)<br><br>\n\n\"Crna gala u nebo zjala\" (dimnjak)\t\t\t\t\t<\/div>\n\t\t\t\t\n\t\t\t\t\t\t\t<\/div>\n\t\t\t\t\t\t<\/div>\n\t\t\t\t<\/div>\n\t\t\t\t<\/div>\n\t\t\t\t<div class=\"elementor-element elementor-element-82b35e9 elementor-cta--layout-image-above elementor-cta--skin-classic elementor-animated-content elementor-bg-transform elementor-bg-transform-zoom-in elementor-widget elementor-widget-call-to-action\" data-id=\"82b35e9\" data-element_type=\"widget\" data-widget_type=\"call-to-action.default\">\n\t\t\t\t<div class=\"elementor-widget-container\">\n\t\t\t\t\t<div class=\"elementor-cta\">\n\t\t\t\t\t<div class=\"elementor-cta__bg-wrapper\">\n\t\t\t\t<div class=\"elementor-cta__bg elementor-bg\" style=\"background-image: url(https:\/\/kijevo.hr\/wp-content\/uploads\/2021\/08\/znacajke-1024x792.jpg);\" role=\"img\" aria-label=\"znacajke\"><\/div>\n\t\t\t\t<div class=\"elementor-cta__bg-overlay\"><\/div>\n\t\t\t<\/div>\n\t\t\t\t\t\t\t<div class=\"elementor-cta__content\">\n\t\t\t\t\n\t\t\t\t\t\t\t\t\t<h2 class=\"elementor-cta__title elementor-cta__content-item elementor-content-item\">\n\t\t\t\t\t\t\u0160ale\t\t\t\t\t<\/h2>\n\t\t\t\t\n\t\t\t\t\t\t\t\t\t<div class=\"elementor-cta__description elementor-cta__content-item elementor-content-item\">\n\t\t\t\t\t\t- Dok za onog vakta nisu bile otvorene dr\u017eavne granice bi\u017ealo se ilegalno priko Italije pa dalje kud 'ko. 'Tio to napravit' i Cigo, al' ba\u0161 kad je triba' pri\u0107' crtu, na ni\u010dijoj zemlji, opazi grani\u010dare i stra\u017eu. I \u0161ta \u0107e radit', on skine na brzinu ga\u0107e pa, da prosti\u0161, ka' da \u0107e vr\u0161it' nu\u017edu. Vlast ga upita \u0161ta radi a on veli da je vr\u0161io nu\u017edu. \u2013 \"Za\u0161ta si pri\u0161a' crtu?\" \u2013 \"Zato da ne serem po na\u0161oj zemlji!\" Pa iako se Cigo dobro sna\u0161a', ovima sve to ne\u0161to sumnjivo i tra\u017ee dokaz. Cigo gleda okolo i opazi pasje govno i ka\u017ee kako je njegovo. A kada su grani\u010dari rekli da je to pasje govno a ne ljudsko, Cigo \u0107e na to: \"\u0160ta se \u010dudite? Kak'i \u017eivot, tak'a i govna!\"\t\t\t\t\t<\/div>\n\t\t\t\t\n\t\t\t\t\t\t\t<\/div>\n\t\t\t\t\t\t<\/div>\n\t\t\t\t<\/div>\n\t\t\t\t<\/div>\n\t\t\t\t<div class=\"elementor-element elementor-element-11cedd2 elementor-cta--layout-image-above elementor-cta--skin-classic elementor-animated-content elementor-bg-transform elementor-bg-transform-zoom-in elementor-widget elementor-widget-call-to-action\" data-id=\"11cedd2\" data-element_type=\"widget\" data-widget_type=\"call-to-action.default\">\n\t\t\t\t<div class=\"elementor-widget-container\">\n\t\t\t\t\t<div class=\"elementor-cta\">\n\t\t\t\t\t<div class=\"elementor-cta__bg-wrapper\">\n\t\t\t\t<div class=\"elementor-cta__bg elementor-bg\" style=\"background-image: url(https:\/\/kijevo.hr\/wp-content\/uploads\/2021\/08\/planine-1024x683.jpg);\" role=\"img\" aria-label=\"planine\"><\/div>\n\t\t\t\t<div class=\"elementor-cta__bg-overlay\"><\/div>\n\t\t\t<\/div>\n\t\t\t\t\t\t\t<div class=\"elementor-cta__content\">\n\t\t\t\t\n\t\t\t\t\t\t\t\t\t<h2 class=\"elementor-cta__title elementor-cta__content-item elementor-content-item\">\n\t\t\t\t\t\tKijevsko kolo\t\t\t\t\t<\/h2>\n\t\t\t\t\n\t\t\t\t\t\t\t\t\t<div class=\"elementor-cta__description elementor-cta__content-item elementor-content-item\">\n\t\t\t\t\t\tTradicionalna kijevska kola sli\u010dna su onim vrli\u010dkim. U Kijevu se obi\u010dno igralo \"trlja\u010dki\" (\"puze\"), \"zapli\u0107anje\" (\"starinski\"), \"posko\u010dke\", \"poto\u010dki\", \"vrli\u010dki\" i \"udvoje\" (koraci) identi\u010dni trljimici. Kao i ve\u0107ina kola u Dalmatinskoj Zagori , tako su se i ova igrala bez instrumentalne pratnje, iako su diple i mje\u0161ina \u010desto blizu kola. No, zato je uz kolo na derneku uvijek prisutna narodna pjesma. Ne pjeva se samo kod o\u0161trog plesanja. Ojkavica se \u010duje samo dok se kolo \u0161eta, a pri tom je \u010desto dolazilo do \"pripiranja\" izme\u0111u dvije ili vi\u0161e grupa. Igralo se uvijek u kijevskoj tradicionalnoj no\u0161nji. Kolo se igralo na kijevske derneke (Gospa od Karmela i Miljovdan), zatim naro\u010dito od Bo\u017ei\u0107a do Vodokr\u0161\u0107a, a obi\u010dnih nedjelja vi\u0161e po susjedstvima. I\u0161lo se na derneka u obli\u017enja mjesta: u Cetinu na Sv. Spasa, u Vrliku na Ro\u017earicu i na Sv. Jakova, na Maovice na Jurjevdan, u Kosovo na Sv. Anu, u Knin na Sv. Antu, u Biskupiju tijekom organiziranih proslava. Mnogi elementi kijevskog igranja upu\u0107uju na njegovu odve\u0107 veliku drevnost. Kako nema nikakve veze ni sli\u010dnosti sa slavenskim kolima, zacijelo su ga Hrvati na ovom prostoru preuzeli od starih Ilira (kao \u0161to je slu\u010daj i s no\u0161njom, ojkavicom i sl.).\n\t\t\t\t\t<\/div>\n\t\t\t\t\n\t\t\t\t\t\t\t<\/div>\n\t\t\t\t\t\t<\/div>\n\t\t\t\t<\/div>\n\t\t\t\t<\/div>\n\t\t\t\t\t<\/div>\n\t\t<\/div>\n\t\t\t\t\t\t\t<\/div>\n\t\t<\/section>\n\t\t\t\t<section class=\"elementor-section elementor-top-section elementor-element elementor-element-310b9cf elementor-section-boxed elementor-section-height-default elementor-section-height-default\" data-id=\"310b9cf\" data-element_type=\"section\">\n\t\t\t\t\t\t<div class=\"elementor-container elementor-column-gap-default\">\n\t\t\t\t\t<div class=\"elementor-column elementor-col-100 elementor-top-column elementor-element elementor-element-cc58420\" data-id=\"cc58420\" data-element_type=\"column\">\n\t\t\t<div class=\"elementor-widget-wrap elementor-element-populated\">\n\t\t\t\t\t\t\t\t<div class=\"elementor-element elementor-element-b7985ed elementor-cta--layout-image-above elementor-cta--skin-classic elementor-animated-content elementor-bg-transform elementor-bg-transform-zoom-in elementor-widget elementor-widget-call-to-action\" data-id=\"b7985ed\" data-element_type=\"widget\" data-widget_type=\"call-to-action.default\">\n\t\t\t\t<div class=\"elementor-widget-container\">\n\t\t\t\t\t<div class=\"elementor-cta\">\n\t\t\t\t\t<div class=\"elementor-cta__bg-wrapper\">\n\t\t\t\t<div class=\"elementor-cta__bg elementor-bg\" style=\"background-image: url(https:\/\/kijevo.hr\/wp-content\/uploads\/2021\/08\/ponuda-1024x792.jpg);\" role=\"img\" aria-label=\"ponuda\"><\/div>\n\t\t\t\t<div class=\"elementor-cta__bg-overlay\"><\/div>\n\t\t\t<\/div>\n\t\t\t\t\t\t\t<div class=\"elementor-cta__content\">\n\t\t\t\t\n\t\t\t\t\t\t\t\t\t<h2 class=\"elementor-cta__title elementor-cta__content-item elementor-content-item\">\n\t\t\t\t\t\tKijevske \u010dobanske igre\t\t\t\t\t<\/h2>\n\t\t\t\t\n\t\t\t\t\t\t\t\t\t<div class=\"elementor-cta__description elementor-cta__content-item elementor-content-item\">\n\t\t\t\t\t\t<b>PA\u0160ARA<br><\/b>\nIgra se u ku\u0107i, obi\u010dno na prelu s neograni\u010denim brojem igra\u010da. Svaki igra\u010d uzme sebi neko ime, obi\u010dno je to bilo ime vo\u0107a. Prvi igra\u010d govori npr.: \"Pa\u0161ara poleti, na kru\u0161ku doleti\", igra\u010d imenom kru\u0161ka odgovara: \"Nije, ne\" prvi igra\u010d opet pita: \"Da di je de\", a ovaj mora brzo odgovoriti npr.: \"Pa\u0161ara poleti, na \u0161ljivu doleti\"; sada ovaj tko je \u0161ljiva odgovara isto brzo i tako ukrug. Bit je u tome da se svaki upit i odgovor izgovori sve br\u017ee i br\u017ee, i ako se netko smete, tj. Ne zna odgovoriti, taj dobiva po ruci \"turom\" onoliko puta koliko ka\u017ee igra\u010d koji mu je postavio pitanje.<br><br>\n\n<b>TOVAR GRE<br><\/b>\nObi\u010dno se igralo na ognji\u0161tu. Nacrta se krug, a na krugu crte i to onoliko crta koliko ima igra\u010da. Jedan igra\u010d \u0161tapom ili o\u017eegom pokazuje na crte i govori: \"tovar gre\", drugi igra\u010d kojemu su svezane o\u010di odgovara: \"Nek ide\", a kada ka\u017ee: \"Rastovaraj\", tada prvi igra\u010d pita : \"Ukoliko?\". Onaj \u0161to je poga\u0111ao odre\u0111uje koliko \u0107e se udaraca \"turom\" dati onom na \u010dijoj se crti rastovario magarac. Dogodi se da igra\u010d koji poga\u0111a rastovari magarca na svojoj crti i ne znaju\u0107i odre\u0111uje broj udaraca sam sebi. Sada igra\u010d koji je dobio udarce \"turom\" preuzima o\u017eeg i pokazuje crte, a onaj koji je pokazivao \u017emiri ili stavlja povez na o\u010di..<br><br>\n\n<b>TAMFOR TAMFORIN-\u017dARDIN-MUD\u017dED<br><\/b>\nIgra se u \u010detiri igra\u010da i svaki igra\u010d dobije jedno ime iz naslova. Na znak svi odjednom poka\u017eu po nekoliko prstiju po \u017eelji (sli\u010dno \u0161ijavici). Tada se zbraja i broji onoliko puta koliki je bio zbroj prstiju; Tamfor-Tamforin-\u017dardin-Mud\u017eed\u2026itd. Na kome se zaustavi posljednje izgovoreno ime od brojenih imena dobiva onoliko udaraca \"turom\" koliko mu je odredio onaj \u010dije ime je posljednje izgovoreno..<br><br>\n\n<b>KAMEN S RAMENA.<br><\/b>\nBacalo se u svakoj zgodi. Momci su pred curama dokazivali juna\u0161tvo i snagu, a mladi\u0107i da su i oni odrasli. Bacao se kamen odre\u0111ene te\u017eine i veli\u010dine, naj\u010de\u0161\u0107e je bio te\u017eak oko 7 kg, a veli\u010dina i oblik morali su biti \u0161to pogodniji kako bi se \u0161to dalje bacio, a da se pritom ne razbije. Bacalo se na ravnu terenu na vi\u0161e na\u010dina \"iz mista\", \"posko\u010dke\" i iz zaleta, a tehnika je bila iz ramena i \"zamau\u0161ke\". Bilo je vi\u0161e i stavova stoje\u0107i, \"skolina\" i \u010dak le\u017ee\u0107i..<br><br>\t\t\t\t\t<\/div>\n\t\t\t\t\n\t\t\t\t\t\t\t<\/div>\n\t\t\t\t\t\t<\/div>\n\t\t\t\t<\/div>\n\t\t\t\t<\/div>\n\t\t\t\t\t<\/div>\n\t\t<\/div>\n\t\t\t\t\t\t\t<\/div>\n\t\t<\/section>\n\t\t\t\t\t\t\t<\/div>\n\t\t","protected":false},"excerpt":{"rendered":"<p>Arhitektura U daljnjoj pro\u0161losti ku\u0107e u Kijevu, kao i drugdje, bile su vrlo skromne. Gra\u0111ene su kao prizemnice, zidane suhozidom, a tek u novije vrijeme kamen se povezivao klakom i zemljom crvenicom. Krajem XIX. st. zapo\u010delo se s izgradnjom ku\u0107a na kat te su se ku\u0107e po\u010dele pokrivati crijepom. Iako se \u010desto ponavlja jedan osnovni &hellip;<\/p>\n","protected":false},"author":1,"featured_media":0,"parent":7523,"menu_order":0,"comment_status":"closed","ping_status":"closed","template":"template-fullwidth.php","meta":{"pgc_sgb_lightbox_settings":"","footnotes":""},"class_list":["post-7572","page","type-page","status-publish","hentry"],"aioseo_notices":[],"_links":{"self":[{"href":"https:\/\/kijevo.hr\/index.php?rest_route=\/wp\/v2\/pages\/7572","targetHints":{"allow":["GET"]}}],"collection":[{"href":"https:\/\/kijevo.hr\/index.php?rest_route=\/wp\/v2\/pages"}],"about":[{"href":"https:\/\/kijevo.hr\/index.php?rest_route=\/wp\/v2\/types\/page"}],"author":[{"embeddable":true,"href":"https:\/\/kijevo.hr\/index.php?rest_route=\/wp\/v2\/users\/1"}],"replies":[{"embeddable":true,"href":"https:\/\/kijevo.hr\/index.php?rest_route=%2Fwp%2Fv2%2Fcomments&post=7572"}],"version-history":[{"count":67,"href":"https:\/\/kijevo.hr\/index.php?rest_route=\/wp\/v2\/pages\/7572\/revisions"}],"predecessor-version":[{"id":8445,"href":"https:\/\/kijevo.hr\/index.php?rest_route=\/wp\/v2\/pages\/7572\/revisions\/8445"}],"up":[{"embeddable":true,"href":"https:\/\/kijevo.hr\/index.php?rest_route=\/wp\/v2\/pages\/7523"}],"wp:attachment":[{"href":"https:\/\/kijevo.hr\/index.php?rest_route=%2Fwp%2Fv2%2Fmedia&parent=7572"}],"curies":[{"name":"wp","href":"https:\/\/api.w.org\/{rel}","templated":true}]}}