{"id":7711,"date":"2021-09-22T10:04:18","date_gmt":"2021-09-22T10:04:18","guid":{"rendered":"https:\/\/kijevo.hr\/?page_id=7711"},"modified":"2025-12-23T12:20:31","modified_gmt":"2025-12-23T12:20:31","slug":"zapisnici","status":"publish","type":"page","link":"https:\/\/kijevo.hr\/?page_id=7711","title":{"rendered":"Zapisnici"},"content":{"rendered":"\n<div class=\"wp-block-group\"><div class=\"wp-block-group__inner-container is-layout-constrained wp-block-group-is-layout-constrained\">\n<div class=\"wp-block-columns is-layout-flex wp-container-core-columns-is-layout-9d6595d7 wp-block-columns-is-layout-flex\">\n<div class=\"wp-block-column is-layout-flow wp-block-column-is-layout-flow\">\n<h2 class=\"wp-block-heading\">2025.<\/h2>\n\n\n\n<div class=\"wp-block-file\"><a id=\"wp-block-file--media-75b44df6-93db-4b22-a2a6-31f20a5d4aa4\" href=\"https:\/\/kijevo.hr\/wp-content\/uploads\/2025\/12\/2.-Zapisnik-s-6.-sjednice-opcinskog-vijeca-Opcine-Kijevo.doc\"> Zapisnik s 6. sjednice op\u0107inskog vije\u0107a Op\u0107ine Kijevo<\/a><\/div>\n\n\n\n<div class=\"wp-block-file\"><a id=\"wp-block-file--media-5908c550-385d-4776-8b37-8d1e4ce01d69\" href=\"https:\/\/kijevo.hr\/wp-content\/uploads\/2025\/12\/2.-Zapisnik-s-5.-sjednice-opcinskog-vijeca-Opcine-Kijevo.doc\">Zapisnik s 5. sjednice op\u0107inskog vije\u0107a Op\u0107ine Kijevo<\/a><\/div>\n\n\n\n<div class=\"wp-block-file\"><a id=\"wp-block-file--media-a1f8f76d-d433-43bc-9569-63304638b339\" href=\"https:\/\/kijevo.hr\/wp-content\/uploads\/2025\/10\/1.-Zapisnik-s-4.-sjednice-opcinskog-vijeca-Opcine-Kijevo.doc\"> Zapisnik s 4. sjednice op\u0107inskog vije\u0107a Op\u0107ine Kijevo<\/a><\/div>\n\n\n\n<div class=\"wp-block-file\"><a id=\"wp-block-file--media-1607395b-a094-4fc5-b68a-16c2fc5d21e9\" href=\"https:\/\/kijevo.hr\/wp-content\/uploads\/2025\/10\/1.-a.-ZAPISNIK-sa-3.-tematske-sjednice-2025.docx\"> Zapisnik sa 3. (tematske sjednice) 2025.<\/a><\/div>\n\n\n\n<div class=\"wp-block-file\"><a id=\"wp-block-file--media-9a063a60-3fbc-4a66-ab17-8b016ed6c08b\" href=\"https:\/\/kijevo.hr\/wp-content\/uploads\/2025\/10\/1.-Zapisnik-s-2.-sjednice-opcinskog-vijeca-Opcine-Kijevo.doc\">Zapisnik s 2. sjednice op\u0107inskog vije\u0107a Op\u0107ine Kijevo<\/a><\/div>\n\n\n\n<div class=\"wp-block-file\"><a id=\"wp-block-file--media-ef23edd6-db79-4af9-acff-7f08d325baf7\" href=\"https:\/\/kijevo.hr\/wp-content\/uploads\/2025\/07\/1.-Zapisnik-s-konstituirajuce-sjednice-2025.doc\">Zapisnik s konstituiraju\u0107e sjednice 2025.<\/a><\/div>\n\n\n\n<div class=\"wp-block-file\"><a id=\"wp-block-file--media-ce80c6d1-6d43-4acf-9b4d-c6891b68aeed\" href=\"https:\/\/kijevo.hr\/wp-content\/uploads\/2025\/07\/2.-Zapisnik-sa-28.-sjednice-Opcinskog-vijeca-Opcine-Kijevo.doc\">Zapisnik sa 28. sjednice Op\u0107inskog vije\u0107a Op\u0107ine Kijevo<\/a><\/div>\n\n\n\n<div class=\"wp-block-file\"><a id=\"wp-block-file--media-70df9cbd-3317-4a7c-a2a1-3e982e2dc5e5\" href=\"https:\/\/kijevo.hr\/wp-content\/uploads\/2025\/03\/1.-Zapisnik-s-27.-sjednice-opcinskog-vijeca-Opcine-Kijevo.doc\">Zapisnik s 27. sjednice op\u0107inskog vije\u0107a Op\u0107ine Kijevo<\/a><\/div>\n\n\n\n<h2 class=\"wp-block-heading\">2024<\/h2>\n\n\n\n<div class=\"wp-block-file\"><a id=\"wp-block-file--media-320c67af-489c-460d-a5fc-9c4af8e47698\" href=\"https:\/\/kijevo.hr\/wp-content\/uploads\/2025\/03\/1.-ZAPISNIK-sa-1.-tematske-sjednice-2024.docx\">ZAPISNIK sa 1. tematske sjednice 2024.<\/a><\/div>\n\n\n\n<div class=\"wp-block-file\"><a id=\"wp-block-file--media-c03630fb-948c-4181-ba6f-4bc1b6d4c645\" href=\"https:\/\/kijevo.hr\/wp-content\/uploads\/2025\/03\/Zapisnik-sa-26.-sjednice-opcinskog-vijeca-Opcine-Kijevo-1.doc\">Zapisnik sa 26. sjednice op\u0107inskog vije\u0107a Op\u0107ine Kijevo<\/a><\/div>\n\n\n\n<div class=\"wp-block-file\"><a id=\"wp-block-file--media-3d3a3145-c83f-4bf2-a4e5-ded5456408f2\" href=\"https:\/\/kijevo.hr\/wp-content\/uploads\/2025\/01\/2.-Zapisnik-s-25.-sjednice-opcinskog-vijeca-Opcine-Kijevo.doc\">Zapisnik s 25. sjednice op\u0107inskog vije\u0107a Op\u0107ine Kijevo<\/a><\/div>\n\n\n\n<div class=\"wp-block-file\"><a id=\"wp-block-file--media-aa6015ff-26a5-4619-a42a-c03128c3233f\" href=\"https:\/\/kijevo.hr\/wp-content\/uploads\/2025\/01\/1.-Zapisnik-s-24.-sjednice-opcinskog-vijeca-Opcine-Kijevo.doc\">Zapisnik s 24. sjednice op\u0107inskog vije\u0107a Op\u0107ine Kijevo<\/a><\/div>\n\n\n\n<div class=\"wp-block-file\"><a id=\"wp-block-file--media-4645b6cc-ec86-44ff-9a31-22284d0ead49\" href=\"https:\/\/kijevo.hr\/wp-content\/uploads\/2024\/08\/1.-Zapisnik-s-22.-sjednice-opcinskog-vijeca-Opcine-Kijevo.doc\">Zapisnik s 22. sjednice Op\u0107inskog vije\u0107a Op\u0107ine Kijevo<\/a><\/div>\n\n\n\n<div class=\"wp-block-file\"><a id=\"wp-block-file--media-f644a984-0479-4172-bbd8-0796668c25cb\" href=\"https:\/\/kijevo.hr\/wp-content\/uploads\/2024\/07\/2.-Zapisnik-sa-21.-sjednice-Opcinskog-vijeca-Opcine-Kijevo.doc\">Zapisnik-sa-21.-sjednice-Opcinskog-vijeca-Opcine-Kijevo<\/a><\/div>\n\n\n\n<div class=\"wp-block-file\"><a id=\"wp-block-file--media-c0af8f9c-9b91-43fc-858d-9fea6bf3d05e\" href=\"https:\/\/kijevo.hr\/wp-content\/uploads\/2024\/03\/Zapisnik-sa-20.-sjednice-opcinskog-vijeca-Opcine-Kijevo.doc\">Zapisnik-sa-20.-sjednice-opcinskog-vijeca-Opcine-Kijevo<\/a><\/div>\n\n\n\n<h2 class=\"wp-block-heading\">2023.<\/h2>\n\n\n\n<div class=\"wp-block-file\"><a id=\"wp-block-file--media-dc1765c6-84c4-433f-8e23-055a12f8277c\" href=\"https:\/\/kijevo.hr\/wp-content\/uploads\/2024\/02\/Zapisnik-sa-19.-sjednice-opcinskog-vijeca-Opcine-Kijevo.doc\">Zapisnik-sa-19.-sjednice-opcinskog-vijeca-Opcine-Kijevo<\/a><\/div>\n\n\n\n<div class=\"wp-block-file\"><a id=\"wp-block-file--media-28b1be81-5b65-4a6d-a8d5-6a2873dcc6eb\" href=\"https:\/\/kijevo.hr\/wp-content\/uploads\/2023\/12\/1.-Zapisnik-s-18.-sjednice-opcinskog-vijeca-Opcine-Kijevo.doc\">Zapisnik-s-18.-sjednice-opcinskog-vijeca-Opcine-Kijevo<\/a><\/div>\n\n\n\n<div class=\"wp-block-file\"><a id=\"wp-block-file--media-9f90ff66-4946-4d9b-99e2-00deb4599ed8\" href=\"https:\/\/kijevo.hr\/wp-content\/uploads\/2023\/12\/1.-Zapisnik-s-17.-sjednice-opcinskog-vijeca-Opcine-Kijevo.doc\">Zapisnik-s-17.-sjednice-opcinskog-vijeca-Opcine-Kijevo<\/a><\/div>\n\n\n\n<div class=\"wp-block-file\"><a id=\"wp-block-file--media-de66619a-b43c-40b8-b211-a7da968658d4\" href=\"https:\/\/kijevo.hr\/wp-content\/uploads\/2023\/09\/Zapisnik-s-16.-sjednice-opcinskog-vijeca-Opcine-Kijevo.doc\">Zapisnik-s-16.-sjednice-opcinskog-vijeca-Opcine-Kijevo<\/a><\/div>\n\n\n\n<div class=\"wp-block-file\"><a id=\"wp-block-file--media-6e79533d-0bba-4e70-b88f-044062c1d515\" href=\"https:\/\/kijevo.hr\/wp-content\/uploads\/2023\/09\/Zapisnik-s-15.-sjednice-opcinskog-vijeca-Opcine-Kijevo.doc\">Zapisnik-s-15.-sjednice-opcinskog-vijeca-Opcine-Kijevo<\/a><\/div>\n\n\n\n<div class=\"wp-block-file\"><a id=\"wp-block-file--media-5ca9fbba-066c-42fe-80cb-c7de6c070dd5\" href=\"https:\/\/kijevo.hr\/wp-content\/uploads\/2023\/07\/1.-ZAPISNIK-SA-14.-SJEDNICE-telefonska.pdf\">Zapisnik-sa-14.-jednice-Op\u0107inskog-vijeca-Opcine-Kijevo<\/a><\/div>\n\n\n\n<div class=\"wp-block-file\"><a id=\"wp-block-file--media-a258135a-5891-443c-a07c-53c3e551ac97\" href=\"https:\/\/kijevo.hr\/wp-content\/uploads\/2023\/07\/2.-Zapisnik-sa-13.-sjednice-Opcinskog-vijeca-Opcine-Kijevo.pdf\">Zapisnik-sa-13.-sjednice-Opcinskog-vijeca-Opcine-Kijevo<\/a><\/div>\n\n\n\n<h2 class=\"wp-block-heading\" id=\"2022\">2022<\/h2>\n\n\n\n<div class=\"wp-block-file\"><a id=\"wp-block-file--media-60cfa4d3-e7f0-4e1e-8040-0e2ba42282d3\" href=\"https:\/\/kijevo.hr\/wp-content\/uploads\/2023\/03\/Zapisnik-sa-12.-sjednice-opcinskog-vijeca-Opcine-Kijevo.doc\">Zapisnik-sa-12.-sjednice-opcinskog-vijeca-Opcine-Kijevo<\/a><\/div>\n\n\n\n<div class=\"wp-block-file\"><a id=\"wp-block-file--media-36e5a0a0-754e-4c95-b43d-a4b5556aa5af\" href=\"https:\/\/kijevo.hr\/wp-content\/uploads\/2023\/01\/Zapisnik-s-11.-sjednice-opcinskog-vijeca-Opcine-Kijevo.doc\">Zapisnik-s-11.-sjednice-opcinskog-vijeca-Opcine-Kijevo<\/a><\/div>\n\n\n\n<div class=\"wp-block-file\"><a id=\"wp-block-file--media-09b19278-26e2-4d21-9b20-65c9f632bd99\" href=\"https:\/\/kijevo.hr\/wp-content\/uploads\/2023\/01\/ZAPISNIK-SA-10.-SJEDNICE-telefonska.doc\">Zapisnik-s-10.-sjednice-op\u0107inskog-vije\u0107a-Op\u0107ine-Kijevo<\/a><\/div>\n\n\n\n<div class=\"wp-block-file\"><a id=\"wp-block-file--media-20984b4b-7df4-4b8d-85e6-deec0b286078\" href=\"https:\/\/kijevo.hr\/wp-content\/uploads\/2023\/01\/Zapisnik-s-9.-sjednice-opcinskog-vijeca-Opcine-Kijevo.doc\">Zapisnik-s-9.-sjednice-opcinskog-vijeca-Opcine-Kijevo<\/a><\/div>\n\n\n\n<div class=\"wp-block-file\"><a id=\"wp-block-file--media-ca80109c-f561-4fca-8e1c-551754511e41\" href=\"https:\/\/kijevo.hr\/wp-content\/uploads\/2023\/01\/Zapisnik-s-7.-sjednice-opcinskog-vijeca-Opcine-Kijevo.doc\">Zapisnik-s-7.-sjednice-opcinskog-vijeca-Opcine-Kijevo<\/a><\/div>\n\n\n\n<div class=\"wp-block-file\"><a id=\"wp-block-file--media-3101f272-ef4d-4444-963c-6f2e66e98a2c\" href=\"https:\/\/kijevo.hr\/wp-content\/uploads\/2022\/09\/Zapisnik-sa-06.-sjednice-Opcinskog-vijeca-Opcine-Kijevo.doc\">Zapisnik sa 06. sjednice Op\u0107inskog vije\u0107a Op\u0107ine Kijevo<\/a><\/div>\n<\/div>\n<\/div>\n\n\n\n<div class=\"wp-block-file\"><a id=\"wp-block-file--media-ebbabdea-f7c8-4bdb-8ca1-d8430cdc1235\" href=\"https:\/\/kijevo.hr\/wp-content\/uploads\/2022\/09\/Zapisnik-sa-05.-sjednice-Opcinskog-vijeca-Opcine-Kijevo.doc\">Zapisnik sa 05. sjednice Op\u0107inskog vije\u0107a Op\u0107ine Kijevo<\/a><\/div>\n<\/div><\/div>\n\n\n\n<div class=\"wp-block-columns is-layout-flex wp-container-core-columns-is-layout-9d6595d7 wp-block-columns-is-layout-flex\">\n<div class=\"wp-block-column is-layout-flow wp-block-column-is-layout-flow\">\n<h2 class=\"wp-block-heading\" id=\"2021\">2021<\/h2>\n\n\n\n<div class=\"wp-block-file\"><a id=\"wp-block-file--media-15cf3ef2-49bb-4ea5-b527-d2bec25a8266\" href=\"https:\/\/kijevo.hr\/wp-content\/uploads\/2022\/09\/Zapisnik-sa-04.-sjednice-opcinskog-vijeca-Opcine-Kijevo.doc\">Zapisnik-sa-04.-sjednice-opcinskog-vijeca-Opcine-Kijevo<\/a><\/div>\n\n\n\n<div class=\"wp-block-file\"><a id=\"wp-block-file--media-dc8cccda-56a8-4d49-beb8-1e460a68c96c\" href=\"https:\/\/kijevo.hr\/wp-content\/uploads\/2022\/02\/Zapisnik-sa-03.-sjednice-Opcinskog-vijeca-Opcine-Kijevo.doc\">Zapisnik-sa-03.-sjednice-Opcinskog-vijeca-Opcine-Kijevo<\/a><\/div>\n\n\n\n<div class=\"wp-block-file\"><a id=\"wp-block-file--media-6135c4e6-d631-44fe-bce2-d45a6cfe9334\" href=\"https:\/\/kijevo.hr\/wp-content\/uploads\/2022\/02\/Zapisnik-s-2.-sjednice-opcinskog-vijeca-Opcine-Kijevo-ISPRAVAK.doc\">Zapisnik-s-2.-sjednice-opcinskog-vijeca-Opcine-Kijevo<\/a><\/div>\n\n\n\n<div class=\"wp-block-file\"><a id=\"wp-block-file--media-ee4d834f-ffb0-4548-a7d7-3d0eeeaf410e\" href=\"https:\/\/kijevo.hr\/wp-content\/uploads\/2021\/10\/Zapisnik-s-1.konstituirajuce-sjednice-Opcinskog-vijeca-Opcine-Kijevo.doc\">Zapisnik s 1.konstituiraju\u0107e sjednice Op\u0107inskog vije\u0107a Op\u0107ine Kijevo<\/a><\/div>\n\n\n\n<div class=\"wp-block-file\"><a id=\"wp-block-file--media-77430c5d-70cd-48f5-b90f-cee81ffb9e46\" href=\"https:\/\/kijevo.hr\/wp-content\/uploads\/2021\/10\/Zapisnik-sa-22.sjednice-Opcinskog-vijeca-Opcine-Kijevo.doc\">Zapisnik sa 22.sjednice Op\u0107inskog vije\u0107a Op\u0107ine Kijevo<\/a><\/div>\n<\/div>\n\n\n\n<div class=\"wp-block-column is-layout-flow wp-block-column-is-layout-flow\">\n<h2 class=\"wp-block-heading\" id=\"2020\">2020<\/h2>\n\n\n\n<div class=\"wp-block-file\"><a id=\"wp-block-file--media-d7ed4bfd-397e-4518-8251-8a04a34dfd56\" href=\"https:\/\/kijevo.hr\/wp-content\/uploads\/2021\/10\/Zapisnik-sa-21.-sjednice-Opcinskog-vijeca-Opcine-Kijevo.doc\">Zapisnik sa 21. sjednice Op\u0107inskog vije\u0107a Op\u0107ine Kijevo<\/a><\/div>\n\n\n\n<div class=\"wp-block-file\"><a id=\"wp-block-file--media-883bc48a-f0a1-4f5c-9968-78df12ab0019\" href=\"https:\/\/kijevo.hr\/wp-content\/uploads\/2021\/10\/Zapisnik-sa-20.-sjednice-Opcinskog-vijeca-Opcine-Kijevo.doc\">Zapisnik sa 20. sjednice Op\u0107inskog vije\u0107a Op\u0107ine Kijevo<\/a><\/div>\n\n\n\n<div class=\"wp-block-file\"><a id=\"wp-block-file--media-56f8b1bb-f046-42b4-8292-e6f9d19d9914\" href=\"https:\/\/kijevo.hr\/wp-content\/uploads\/2021\/10\/Zapisnik-sa-19.-sjednice-Opcinskog-vijeca-Opcine-Kijevo.doc\">Zapisnik sa 19. sjednice Op\u0107inskog vije\u0107a Op\u0107ine Kijevo<\/a><\/div>\n\n\n\n<div class=\"wp-block-file\"><a id=\"wp-block-file--media-6db36c4a-0790-47e3-8a06-0fdac60ca366\" href=\"https:\/\/kijevo.hr\/wp-content\/uploads\/2021\/10\/Zapisnik-sa-18.-sjednice-Opcinskog-vijeca-Opcine-Kijevo.doc\">Zapisnik sa 18. sjednice Op\u0107inskog vije\u0107a Op\u0107ine Kijevo<\/a><\/div>\n<\/div>\n<\/div>\n\n\n\n<div class=\"wp-block-columns is-layout-flex wp-container-core-columns-is-layout-9d6595d7 wp-block-columns-is-layout-flex\">\n<div class=\"wp-block-column is-layout-flow wp-block-column-is-layout-flow\">\n<h2 class=\"wp-block-heading\" id=\"2019\">2019<\/h2>\n\n\n\n<div class=\"wp-block-file\"><a id=\"wp-block-file--media-e449a150-f8ca-4870-bd2d-4e11d25ccc55\" href=\"https:\/\/kijevo.hr\/wp-content\/uploads\/2021\/10\/Svi-zapisnici-2019.rar\">Svi zapisnici 2019<\/a><\/div>\n<\/div>\n\n\n\n<div class=\"wp-block-column is-layout-flow wp-block-column-is-layout-flow\">\n<h2 class=\"wp-block-heading\" id=\"2018\">2018<\/h2>\n\n\n\n<div class=\"wp-block-file\"><a id=\"wp-block-file--media-f9e1ce14-cf7c-44aa-ab2d-19bdf2c9b158\" href=\"https:\/\/kijevo.hr\/wp-content\/uploads\/2021\/10\/Svi-zapisnici-2018.rar\">Svi zapisnici 2018<\/a><\/div>\n<\/div>\n\n\n\n<div class=\"wp-block-column is-layout-flow wp-block-column-is-layout-flow\">\n<h2 class=\"wp-block-heading\" id=\"2017\">2017<\/h2>\n\n\n\n<div class=\"wp-block-file\"><a id=\"wp-block-file--media-283e88d1-c346-49cf-b21e-08a0321feaf5\" href=\"https:\/\/kijevo.hr\/wp-content\/uploads\/2021\/10\/Svi-zapisnici-2017.rar\">Svi zapisnici 2017<\/a><\/div>\n<\/div>\n<\/div>\n","protected":false},"excerpt":{"rendered":"<p>2025. 2024 2023. 2022 2021 2020 2019 2018 2017<\/p>\n","protected":false},"author":1,"featured_media":0,"parent":7707,"menu_order":0,"comment_status":"closed","ping_status":"closed","template":"","meta":{"pgc_sgb_lightbox_settings":"","footnotes":""},"class_list":["post-7711","page","type-page","status-publish","hentry"],"aioseo_notices":[],"_links":{"self":[{"href":"https:\/\/kijevo.hr\/index.php?rest_route=\/wp\/v2\/pages\/7711","targetHints":{"allow":["GET"]}}],"collection":[{"href":"https:\/\/kijevo.hr\/index.php?rest_route=\/wp\/v2\/pages"}],"about":[{"href":"https:\/\/kijevo.hr\/index.php?rest_route=\/wp\/v2\/types\/page"}],"author":[{"embeddable":true,"href":"https:\/\/kijevo.hr\/index.php?rest_route=\/wp\/v2\/users\/1"}],"replies":[{"embeddable":true,"href":"https:\/\/kijevo.hr\/index.php?rest_route=%2Fwp%2Fv2%2Fcomments&post=7711"}],"version-history":[{"count":27,"href":"https:\/\/kijevo.hr\/index.php?rest_route=\/wp\/v2\/pages\/7711\/revisions"}],"predecessor-version":[{"id":10323,"href":"https:\/\/kijevo.hr\/index.php?rest_route=\/wp\/v2\/pages\/7711\/revisions\/10323"}],"up":[{"embeddable":true,"href":"https:\/\/kijevo.hr\/index.php?rest_route=\/wp\/v2\/pages\/7707"}],"wp:attachment":[{"href":"https:\/\/kijevo.hr\/index.php?rest_route=%2Fwp%2Fv2%2Fmedia&parent=7711"}],"curies":[{"name":"wp","href":"https:\/\/api.w.org\/{rel}","templated":true}]}}