{"id":9211,"date":"2023-08-10T06:59:22","date_gmt":"2023-08-10T06:59:22","guid":{"rendered":"https:\/\/kijevo.hr\/?page_id=9211"},"modified":"2026-04-20T09:43:55","modified_gmt":"2026-04-20T09:43:55","slug":"pristup-informacijama-2","status":"publish","type":"page","link":"https:\/\/kijevo.hr\/?page_id=9211","title":{"rendered":"Pristup informacijama"},"content":{"rendered":"\n<h6 class=\"wp-block-heading\">Pravo na pristup informacijama i ponovnu uporabu informacija koje posjeduje, raspola\u017ee ili nadzire Op\u0107ina Kijevo ure\u0111eno je Zakonom o pravu na pristup informacijama <a href=\"http:\/\/25\/13,\">(Narodne novine<\/a> 25\/13, 85\/15 i 69\/22\u2013 u daljnjem tekstu: Zakon). Zakonom se propisuju i na\u010dela prava na pristup, izuzeci od prava na pristup te postupak za ostvarivanje i za\u0161titu prava na pristup. Zakon o pravu na pristup informacijama daje svim doma\u0107im i stranim fizi\u010dkim i pravnim osobama, na jednak na\u010din i pod jednakim uvjetima pravo na pristup informacijama. Pravo na pristup informaciji ostvaruje se podno\u0161enjem zahtjeva tijelu javne vlasti. Tijelo javne vlasti \u0107e odlu\u010diti o zahtjevu za pristup informaciji najkasnije u roku od 15 dana od dana podno\u0161enja urednog zahtjeva. Pristup informacijama omogu\u0107uje se: 1) pravodobnim objavljivanjem informacija o svome radu na primjeren i dostupan na\u010din, odnosno na internetskim stranicama tijela javne vlasti ili u javnom glasilu i Sredi\u0161njem katalogu slu\u017ebenih dokumenata Republike Hrvatske, radi informiranja javnosti,<\/h6>\n\n\n\n<p>2) davanjem informacije korisniku koji je podnio zahtjev na jedan od sljede\u0107ih na\u010dina:<br>\u2013 neposrednim davanjem informacije,<br>\u2013 davanjem informacije pisanim putem,<br>\u2013 uvidom u dokumente i izradom preslika dokumenata koji sadr\u017ee tra\u017eenu informaciju,<br>\u2013 dostavljanjem preslika dokumenta koji sadr\u017ei tra\u017eenu informaciju,<br>\u2013 na drugi na\u010din koji je prikladan za ostvarivanje prava na pristup informaciji.<\/p>\n\n\n\n<p>Korisnik mo\u017ee u zahtjevu za pristup informaciji nazna\u010diti prikladan na\u010din dobivanja informacije, a ako ne nazna\u010di, informacija \u0107e se dostaviti na na\u010din na koji je podnesen zahtjev, odnosno na najekonomi\u010dniji na\u010din.<\/p>\n\n\n\n<p>Korisnik ostvaruje pravo na pristup informaciji podno\u0161enjem usmenog ili pisanog zahtjeva nadle\u017enom tijelu.<\/p>\n\n\n\n<p>Ako je zahtjev podnesen usmeno ili putem telefona, sastavit \u0107e se slu\u017ebena bilje\u0161ka, a ako je podnesen putem elektroni\u010dke komunikacije, smatrat \u0107e se da je podnesen pisani zahtjev.<\/p>\n\n\n\n<p>Pisani zahtjev sadr\u017ei: naziv i sjedi\u0161te tijela javne vlasti kojem se zahtjev podnosi, podatke koji su va\u017eni za prepoznavanje tra\u017eene informacije, ime i prezime i adresu fizi\u010dke osobe podnositelja zahtjeva, tvrtku, odnosno naziv pravne osobe i njezino sjedi\u0161te.<\/p>\n\n\n\n<p>Podnositelj zahtjeva nije obvezan navesti razloge zbog kojih tra\u017ei pristup informaciji, niti je obvezan pozvati se na primjenu ovog Zakona.<\/p>\n\n\n\n<p>Ne smatra se zahtjevom za pristup informacijama tra\u017eenje uvida u cjelokupni spis predmeta, obja\u0161njenja ili uputa vezanih uz ostvarivanje nekog prava ili izvr\u0161avanje obveze, izrade analize ili tuma\u010denja nekog propisa, kao ni stvaranje nove informacije.<\/p>\n\n\n\n<p>Pisani zahtjev podnosi se na adresu: <strong>OP\u0106INA KIJEVO, Bajani 12, 22310 Kijevo<\/strong>&nbsp; ili na e-mail na adresu: opcina-kijevo@si.t-com.hr<br>Usmeni zahtjev za pristup informaciji podnosi se na broj telefona: 022\/681 004<\/p>\n\n\n\n<p>Prilikom podno\u0161enja zahtjeva nije potrebno platiti upravnu niti sudsku pristojbu.<\/p>\n\n\n\n<p>Sukladno \u010dlanku \u010dlanka 19. stavku 2. Zakona o pravu na pristup informacijama (\u201eNarodne novine\u201c, br. 25\/13 i 85\/15) Op\u0107ina Kijevo ima pravo na naknadu stvarnih materijalnih tro\u0161kova koji nastanu pru\u017eanjem informacije korisniku prava na pristup informacijama i ponovnu uporabu informacija, kao i na naknadu tro\u0161kova dostave tra\u017eene informacije, koja se napla\u0107uje sukladno Kriterijima za odre\u0111ivanje visine naknade stvarnih materijalnih tro\u0161kova i tro\u0161kova dostave informacije (\u201eNarodne novine\u201c, br. 12\/14 i 15\/14).<\/p>\n\n\n\n<p><a href=\"https:\/\/kijevo.hr\/wp-content\/uploads\/2023\/08\/OBRAZAC-1.-Zahtjev-za-pristup-informacijama.docx\">OBRAZAC 1. &#8211; Zahtjev za pristup informacijama<\/a><\/p>\n\n\n\n<p><a href=\"https:\/\/kijevo.hr\/wp-content\/uploads\/2023\/08\/OBRAZAC-2.-Zahtjev-za-dopunu-ili-ispravak-informacije.docx\">OBRAZAC 2. &#8211; Zahtjev za dopunu ili ispravak informacije<\/a><\/p>\n\n\n\n<p><strong>PONOVNA UPORABA INFORMACIJA<\/strong><\/p>\n\n\n\n<p>Ponovna uporaba zna\u010di uporabu informacija tijela javne vlasti od strane fizi\u010dkih ili pravnih<br>osoba, u komercijalnu ili nekomercijalnu svrhu razli\u010ditu od izvorne svrhe za koju su<br>informacije nastale, a koja se ostvaruje u okviru zakonom ili drugim propisom odre\u0111enog<br>djelokruga ili posla koji se uobi\u010dajeno smatra javnim poslom.<\/p>\n\n\n\n<p>Razmjena informacija izme\u0111u tijela javne vlasti radi obavljanja poslova iz njihova djelokruga<br>ne predstavlja ponovnu uporabu. Svaki korisnik ima pravo na ponovnu uporabu informacija u<br>komercijalne ili nekomercijalne svrhe, u skladu s odredbama Zakona o pravu na pristup<br>informacijama.<\/p>\n\n\n\n<p>U svrhu ponovne uporabe tijela javne vlasti nemaju obvezu informaciju izraditi, prilago\u0111avati<br>ili izdvajati dijelove informacija ako to zahtijeva nerazmjeran utro\u0161ak vremena ili sredstava,<br>niti se od tijela javne vlasti mo\u017ee zahtijevati da nastavi a\u017eurirati, nadogra\u0111ivati i pohranjivati<br>informacije u svrhu ponovne uporabe.<\/p>\n\n\n\n<p>U slu\u010daju kada tijelo javne vlasti utvrdi da su ispunjeni uvjeti za omogu\u0107avanje ponovne<br>uporabe informacija o tome ne donosi rje\u0161enje, kao \u0161to je slu\u010daj kod ostvarivanje prava na<br>pristup informaciji.<\/p>\n\n\n\n<p>Tijelo javne vlasti kada omogu\u0107ava pristup informacijama za ponovnu uporabu mo\u017ee odrediti<br>uvjete za ponovnu uporabu informacija.<\/p>\n\n\n\n<p>Uvjeti ne smiju nepotrebno ograni\u010davati mogu\u0107nost ponovne uporabe i ne smiju se<br>upotrijebiti za ograni\u010davanje tr\u017ei\u0161nog natjecanja. Iznimno, u slu\u010daju davanja isklju\u010divog prava<br>na ponovnu uporabu tijelo javne vlasti sklopit \u0107e s korisnikom ugovor kojim \u0107e urediti uvjete&nbsp;ponovne uporabe informacija. U slu\u010daju davanja isklju\u010divog prava na ponovnu uporabu, tijelo&nbsp;javne vlasti sklopit \u0107e s korisnikom ugovor kojim \u0107e urediti uvjete ponovne uporabe&nbsp;informacija .<\/p>\n\n\n\n<p>Tijelo javne vlasti \u0107e rje\u0161enjem odbiti zahtjev za ponovnu uporabu informacija ako se zahtjev<br>odnosi na informacije koje se odnose na razloge koji su navedeni za uskratu informacija u<br>postupku ostvarivanja prava na pristup informacijama.<\/p>\n\n\n\n<p>Protiv rje\u0161enja o odbijanju zahtjeva za pristup informaciji i ponovnu uporabu, podnositelj<br>zahtjeva mo\u017ee izjaviti \u017ealbu Povjereniku za informiranje, a protiv rje\u0161enja Povjerenika za<br>informiranje postoji mogu\u0107nost podno\u0161enja tu\u017ebe Visokom upravnom sudu Republike<br>Hrvatske.<\/p>\n\n\n\n<p><a href=\"https:\/\/kijevo.hr\/wp-content\/uploads\/2023\/08\/OBRAZAC-3.-Zahtjev-za-ponovnu-uporabu-informacija.docx\">OBRAZAC 3. &#8211; Zahtjev za ponovnu uporabu informacija<\/a><\/p>\n\n\n\n<p><strong>SLU\u017dBENICA ZA INFORMIRANJE<\/strong><br>IVANA ERCEGOVAC mag. oec. , pro\u010delnica<br>tel. 022\/ 681 004<br>opcina-kijevo@si.t-com.hr<\/p>\n\n\n\n<div class=\"wp-block-file\"><a id=\"wp-block-file--media-d75477e5-5dea-4daf-ac51-280e6f62075a\" href=\"https:\/\/kijevo.hr\/wp-content\/uploads\/2025\/01\/Godisnje_izvjesce.pdf\">Godisnje_izvjesce o provedbi ZPPI za 2024. godinu<\/a><\/div>\n\n\n\n<div class=\"wp-block-file\"><a id=\"wp-block-file--media-fb579a76-9576-4126-b14b-727b93ab1038\" href=\"https:\/\/kijevo.hr\/wp-content\/uploads\/2023\/08\/Odluka-o-imenovanju-sluzbenice-za-informiranje_2022.G.pdf\">Odluka-o-imenovanju-sluzbenice-za-informiranje_2022.G<\/a><\/div>\n\n\n\n<div class=\"wp-block-file\"><a id=\"wp-block-file--media-5171e7a0-4cbf-401f-9177-8a32ef01b88d\" href=\"https:\/\/kijevo.hr\/wp-content\/uploads\/2024\/01\/Godisnje_izvjesce-002.pdf\">Godisnje_izvjesce-o-provedbi-ZPPI-za-2023.-godinu<\/a><\/div>\n\n\n\n<div class=\"wp-block-file\"><a id=\"wp-block-file--media-72c2fcba-d12e-45cf-a230-cbcc39721c02\" href=\"https:\/\/kijevo.hr\/wp-content\/uploads\/2023\/08\/Godisnje_izvjesce-o-provedi-ZPPI-za-2022.-godinu.pdf\">Godisnje_izvjesce-o-provedi-ZPPI-za-2022.-godinu<\/a><\/div>\n\n\n\n<p><a href=\"https:\/\/www.zakon.hr\/z\/126\/Zakon-o-pravu-na-pristup-informacijama\">Zakon o pravu na pristup informacijama<\/a><\/p>\n\n\n\n<p><a href=\"https:\/\/azop.hr\/\">Agencija za za\u0161titu osobnih podataka<\/a><\/p>\n\n\n\n<p><a href=\"https:\/\/narodne-novine.nn.hr\/clanci\/sluzbeni\/2014_01_12_231.html\" target=\"_blank\" rel=\"noreferrer noopener\">Kriteriji za odre\u0111ivanje visine naknade stvarnih materijalnih tro\u0161kova i tro\u0161kova dostave informacije<\/a><\/p>\n\n\n\n<p><a href=\"https:\/\/narodne-novine.nn.hr\/clanci\/sluzbeni\/2014_02_15_316.html\" target=\"_blank\" rel=\"noreferrer noopener\">Ispravak Kriterija za odre\u0111ivanje visine naknade stvarnih materijalnih tro\u0161kova i tro\u0161kova dostave informacije<\/a><\/p>\n","protected":false},"excerpt":{"rendered":"<p>Pravo na pristup informacijama i ponovnu uporabu informacija koje posjeduje, raspola\u017ee ili nadzire Op\u0107ina Kijevo ure\u0111eno je Zakonom o pravu na pristup informacijama (Narodne novine 25\/13, 85\/15 i 69\/22\u2013 u daljnjem tekstu: Zakon). Zakonom se propisuju i na\u010dela prava na pristup, izuzeci od prava na pristup te postupak za ostvarivanje i za\u0161titu prava na pristup. &hellip;<\/p>\n","protected":false},"author":1,"featured_media":0,"parent":0,"menu_order":0,"comment_status":"closed","ping_status":"closed","template":"","meta":{"pgc_sgb_lightbox_settings":"","footnotes":""},"class_list":["post-9211","page","type-page","status-publish","hentry"],"aioseo_notices":[],"_links":{"self":[{"href":"https:\/\/kijevo.hr\/index.php?rest_route=\/wp\/v2\/pages\/9211","targetHints":{"allow":["GET"]}}],"collection":[{"href":"https:\/\/kijevo.hr\/index.php?rest_route=\/wp\/v2\/pages"}],"about":[{"href":"https:\/\/kijevo.hr\/index.php?rest_route=\/wp\/v2\/types\/page"}],"author":[{"embeddable":true,"href":"https:\/\/kijevo.hr\/index.php?rest_route=\/wp\/v2\/users\/1"}],"replies":[{"embeddable":true,"href":"https:\/\/kijevo.hr\/index.php?rest_route=%2Fwp%2Fv2%2Fcomments&post=9211"}],"version-history":[{"count":8,"href":"https:\/\/kijevo.hr\/index.php?rest_route=\/wp\/v2\/pages\/9211\/revisions"}],"predecessor-version":[{"id":10442,"href":"https:\/\/kijevo.hr\/index.php?rest_route=\/wp\/v2\/pages\/9211\/revisions\/10442"}],"wp:attachment":[{"href":"https:\/\/kijevo.hr\/index.php?rest_route=%2Fwp%2Fv2%2Fmedia&parent=9211"}],"curies":[{"name":"wp","href":"https:\/\/api.w.org\/{rel}","templated":true}]}}